+ 3*t = 7*t + 3110, -2*f + 3*t = -3109. Is f a multiple of 33?
False
Let t(b) = -2*b**3 + b**2 - 3*b + 17. Let l(c) = c**3 - c**2 + 2*c - 8. Let y be (-330)/(-25) - 2/10. Let x(z) = y*l(z) + 6*t(z). Does 5 divide x(6)?
True
Suppose -77*g + 81*g = 64. Is g even?
True
Is 11 a factor of (7/4)/(20/2880)?
False
Let i = 454 + -427. Does 3 divide i?
True
Suppose 292 = -7*j + 2140. Is j a multiple of 11?
True
Let g(n) = 2*n**3 + 6*n**2 - 5*n + 7. Is g(3) a multiple of 28?
False
Let a = 57 - 23. Is 3 a factor of a?
False
Let c(t) = t**2 + 3*t - 1. Let o be c(-5). Suppose a - o = -2*a. Suppose -2*s = -5 - a. Is 4 a factor of s?
True
Suppose 7*m = 8*m - 2. Suppose 3*d - 117 = -l, -m*d + 46 + 74 = l. Is 21 a factor of l?
True
Suppose 3*j - 380 = 2*s - 950, 2*j - 285 = -s. Does 19 divide s?
True
Suppose 5*k + 8*x - 14414 = 7*x, 12 = 3*x. Is 28 a factor of k?
False
Let b be ((-28)/(-21))/((-4)/(-138)). Let d = b - 29. Is 5 a factor of d?
False
Let c be ((-10)/4)/5 - 129/(-2). Let a = c + -31. Does 22 divide a?
False
Let z(l) = 2*l**2 - 14*l + 25. Is z(-10) a multiple of 40?
False
Let v be -8 - (4 + 6/(-1) + 0). Does 22 divide (v - (-17)/3)/((-2)/996)?
False
Let m be ((-4)/(-16))/(3/36). Is 16/m*(-27)/(-2) a multiple of 7?
False
Is 921/6*9 + (-6)/4 a multiple of 10?
True
Let n be -21 + (2 - 20/4). Does 5 divide 302/12 - (-4)/n?
True
Is 2/4*-14 - -849 a multiple of 18?
False
Let s(v) = v**2 + 4*v + 1. Let z be s(-5). Suppose -z*m + 99 = -3*m. Is 14 a factor of ((-6)/9)/((-1)/m)?
False
Let m = 65 - -33. Let n = m + -46. Let f = n - 26. Is f a multiple of 7?
False
Let c(h) be the first derivative of 5*h**2/2 - 13*h - 2. Let p = 242 + -238. Is 5 a factor of c(p)?
False
Let x(b) be the second derivative of -31*b**3/6 - 3*b**2 + 4*b. Does 12 divide x(-3)?
False
Suppose -2*g - 6 = c, -c = -g - 2 - 1. Suppose -5*l + 3*p + 58 = 6*p, -3*l - 5*p + 22 = c. Is (-2 + l/6)*54 a multiple of 9?
True
Let a = 1782 - 1020. Is 41 a factor of a?
False
Let u be -139 - (1 + -2 - -2). Let f = 260 + u. Let t = f + -41. Is 18 a factor of t?
False
Is 20 a factor of (-64521)/(-30) + ((-1230)/(-100) - 12)?
False
Does 7 divide (24990/425)/((-3)/(-10))?
True
Is 30 a factor of -16*(441/(-12) + 12/4)?
True
Let j = -424 - -988. Does 13 divide j?
False
Let s(c) = -c**3 - 12*c**2 - 2*c - 19. Let r be s(-12). Does 11 divide (-8)/(r/(-4)*(-24)/(-60))?
False
Suppose -43 - 185 = -6*z. Let b = z - 46. Is 14 a factor of 88*(36/b)/(-9)?
False
Suppose 5*l - 3*l = d + 83, 0 = -3*l + 5*d + 121. Suppose 3*b = 4*h - 92, 2*b + 17 + 6 = -5*h. Let o = l + b. Is o a multiple of 9?
True
Suppose 5*g + 28 = y - 0*y, 48 = 4*y - 4*g. Suppose -y*a + 11*a = 186. Suppose -2*t + a = 4*p, p + 5*t - 9 = 11. Is p a multiple of 6?
False
Suppose 4*n = -3*t + 18, -3*n + 1 = 2*t - 6*t. Suppose -t*h = -h - 40. Is 13 a factor of (-126)/(-35)*h/3?
False
Let s(x) = -x + 9. Let q be s(12). Let b(l) be the second derivative of l**4/3 - l**3/2 - 7*l**2/2 + 4*l. Is 12 a factor of b(q)?
False
Suppose 25 = -3*c + 8*c. Suppose 3*f - 3*u - 1 = f, f + c*u = 20. Suppose 66 = f*d - 29. Does 5 divide d?
False
Suppose 3*w + 4*n - 18 = 20, 55 = 5*w + 5*n. Suppose w*a - 15*a = -3906. Is 13 a factor of a?
False
Let m be (-4 - 5)/(-3) + -1. Let x(k) = k**3 + 9*k**2 - 8*k**m + 5*k**2 - 4 + k. Is x(-3) a multiple of 4?
True
Let l = -4 - -17. Let b be 34 - l - (0 + 0). Is (10 - 9) + b*3 a multiple of 22?
False
Let j be (-28)/2*(-2)/(-4). Let g be 0 - (-7)/(j/(-270)). Suppose 0 = 4*n + 46 - g. Is 20 a factor of n?
False
Suppose -4*w - v + 2011 = 0, 4*w - 3*v = v + 2036. Is w a multiple of 18?
True
Suppose 197*b - 15470 = 180*b. Is 7 a factor of b?
True
Suppose 5*x = 159 + 151. Suppose -3*a = 6, 0 = -2*q + 3*q + 3*a - x. Does 17 divide q?
True
Suppose 0 = 9*c - 10*c + 17. Let u = 32 + -49. Let q = c - u. Is 7 a factor of q?
False
Let v(h) = -12*h**3 - 4*h**2 + 6*h + 8. Is v(-4) a multiple of 4?
True
Suppose -2*t - 5 = 11. Let r be (48 - -1) + t + 5. Suppose -w - 2*q + 7 = 0, 4*w - r = -0*w - 2*q. Is w a multiple of 13?
True
Let l(v) = 13*v**2 - 25*v + 104. Does 20 divide l(7)?
False
Let c be 187/(-9) + (-10)/45. Let m be (-2)/7 + 120/c. Let g = 23 + m. Is 15 a factor of g?
False
Let a be 17*(0 + (-3 - -4)). Let n = a + 133. Is 30 a factor of n?
True
Let a(t) = -t - 19. Let d be a(-13). Does 9 divide 46 + 8/3 + 4/d?
False
Let l be (4/3)/(8/(-372)). Let y be (-2)/12 + l/(-12). Suppose y*g - 3*i = 45, -3*g + 4*i - i + 33 = 0. Is g a multiple of 6?
True
Let c(u) = -1 + 2 + 18*u**2 - 127*u**2. Let d be c(-1). Let v = -70 - d. Is 11 a factor of v?
False
Let b = 150 - 144. Let m(o) = o**3 - 6*o**2 + 3*o + 10. Is 7 a factor of m(b)?
True
Let n(j) be the first derivative of -2*j**2 - 6*j - 1. Suppose -3*z - 27 = 3*r, -4*r = -r - 2*z + 12. Is n(r) a multiple of 6?
True
Let b(d) = 12*d**2 + 100*d - 28. Does 39 divide b(-14)?
False
Let a = 1439 - 963. Suppose 3*i = 5*j + 296, -5*i + 6*j - 2*j + a = 0. Does 23 divide i?
True
Let f be 1 - -3 - (-1 - 0). Suppose -f*q + 5*m = -4*q - 71, -5*m = 3*q - 113. Is q a multiple of 5?
False
Suppose 5 = 3*h - 2*h. Suppose -h*m + 56 = -19. Does 21 divide (27/m)/((-3)/(-105))?
True
Let k = 7 - -2. Let t(r) = 12*r - 13. Let o be t(k). Suppose 4*y - 145 = o. Is 12 a factor of y?
True
Let h = -1249 - -1997. Suppose -5*g + h = -377. Is 45 a factor of g?
True
Let q(v) = 73*v**3 + 6*v**2 + 6*v + 5. Let g(n) = n**3 + n**2 + n + 1. Let y(j) = 5*g(j) - q(j). Is y(-1) a multiple of 7?
False
Suppose j + 9*m - 20 = 4*m, 0 = -3*m + 6. Suppose j*g - 1003 - 677 = 0. Does 19 divide g?
False
Let v be 5*((-16)/10)/(-4). Suppose v*n - 17 = 39. Suppose 13*s - 15*s = -n. Is 7 a factor of s?
True
Let u(n) = n**2 - 64. Is 6 a factor of u(24)?
False
Suppose t = -3*t + w + 283, 0 = 4*t + 2*w - 286. Let f = 164 - t. Does 26 divide f?
False
Let y be (3/(-4))/((-1)/(-24)). Suppose 7*q - 2*q - 370 = 0. Let u = y + q. Is u a multiple of 19?
False
Is 1 + 57*(-392)/(-24) a multiple of 40?
False
Let n(y) = -2*y**2 + 86*y + 9. Is n(25) a multiple of 19?
False
Let n(w) = 9*w**3 + 12 - 11*w**3 - 7*w**2 - 9*w - 19. Is n(-4) a multiple of 5?
True
Let q = -120 - -232. Is 3 a factor of q?
False
Suppose -3*n = 5*n - 9072. Is 63 a factor of n?
True
Suppose -2*l + 262 = -3*d + 7*d, 3*l = -4*d + 263. Is d a multiple of 46?
False
Let q(t) = t**3 - 2*t**2 - 4*t - 10. Does 7 divide q(7)?
False
Let l be 15 + -13 + -8 + 0. Let y be (104/l)/((-4)/30). Suppose 2*n - y = -16. Is 18 a factor of n?
False
Let t be (-1)/(-1) - (-3 + 4/2). Suppose -4*q + 32 = 5*s, -6*s + t*q = -s - 14. Is 2 a factor of s?
True
Let o = 1498 + -703. Is 29 a factor of o?
False
Let s = 51 + -47. Suppose s*c + 145 = 3*u, u + 4*c - 30 - 13 = 0. Does 27 divide u?
False
Suppose -3*r = 4*v - 3447, -4*v - 1545 + 4987 = 2*r. Does 11 divide v?
True
Let i(f) be the second derivative of -7*f**5/10 - f**4/12 + f**2/2 + 46*f. Is i(-2) a multiple of 13?
False
Suppose 3*v - 2*c - 4257 = 0, 796 = -v + 5*c + 2202. Does 29 divide v?
True
Suppose -h - 25*h + 43472 = 0. Does 22 divide h?
True
Let u(c) be the second derivative of -c**4/12 + 2*c. Let x be u(0). Suppose 3*q - 74 = 5*v, 4*q + x = -4*v + 56. Is q a multiple of 13?
False
Let a = -29 - -121. Is 2 a factor of a?
True
Let l(y) = -2*y**3 + 6*y**2 + 6*y - 23. Is l(-5) a multiple of 36?
False
Let f(i) = 8*i**2 - 2*i - 4. Let t(a) be the second derivative of -a**3/6 + 2*a**2 - a. Let w be t(6). Is 16 a factor of f(w)?
True
Suppose 0 = 2*m + r + 5, 5*m + 0*r - 4*r - 7 = 0. Does 14 divide (m/2 - -1)/((-51)/(-1428))?
True
Let w(r) = 4 - 7*r**3 - 9*r**3 + 13*r + 18*r**2 + 17*r**3. Is 6 a factor of w(-17)?
True
Let k = 447 - 82. Suppose 4*b - 144 - 133 = -a, -5*b - 5*a + k = 0. Is 24 a factor of b?
False
Suppose -87*y + 92*y - 65 = 0. Let c(d) = -2*d + d + 2*d + 3. Is c(y) a multiple of 8?
True
Let y = 20 - 15. Suppose 3*b + 0*b = 3*c - 12, 0 = y*b. Is 2 a factor of 8/(-5)*(-10)/c?
True
Let n = 95 - 27. Let w = n - -3. Is w a multiple of 33?
False
Suppose -6 = -7*y + 4*y. Suppose i - 6*g - 10 = -y*g, 0 = 4*g + 4. Let n = 25 - i. Is 4 a factor of n?
False
Suppose -5*s - 13 + 38 = 0. Suppose s*g - 45 = -3*o + 3*g, g + 10 = o. Suppose 0 = l - 4*f + 5*f - o, 0 = 2*l + 4*f - 22. Does 12 divide l?
False
Is 14 a factor of (1 - -116)*-1*(-140)/15?
True
Let y(p) = p**3 - 12*p**2